*2 - 735*d + 2974. Give c(4).
18
Let p(w) = -w**3 - 217*w**2 + 399*w - 11826. What is p(-219)?
-3285
Let i(q) = 5*q**3 + 954*q**2 + 766*q + 1135. What is i(-190)?
-5
Let q(f) = -5207*f - 11119. Determine q(-2).
-705
Let w(r) = r**3 + 10*r**2 - 25*r - 99. Determine w(-8).
229
Let z(o) = 152*o**2 + 32680*o + 37. Give z(-215).
37
Let l(s) = -248*s - 4496. Give l(-19).
216
Let t(c) = 1067*c + 6469. What is t(-6)?
67
Let q(n) = -43689*n + 567984. What is q(13)?
27
Let c(j) = 20*j**2 - 61*j + 59. Calculate c(5).
254
Let u(j) = 74*j**2 + 442*j + 1726. Give u(-4).
1142
Let z(g) = g**2 - 469*g + 54723. What is z(243)?
-195
Let q(s) = -60*s**2 - 201*s - 201. What is q(-1)?
-60
Let s(w) = -2*w**2 - 194*w - 3300. Give s(-75).
0
Let c(k) = 327*k + 2667. What is c(-7)?
378
Let t(g) = -24*g**2 - 852*g + 30356. Determine t(22).
-4
Let d(j) = 1870968*j + 11225804. What is d(-6)?
-4
Let f(d) = -30*d + 722. Calculate f(2).
662
Let l(i) = -i**2 - 30*i + 399. What is l(13)?
-160
Let k(q) = -34601*q + 172947. Determine k(5).
-58
Let y(k) = -k**3 - 1062*k**2 - 10517*k + 3161. What is y(-1052)?
5
Let u(c) = -20633*c - 288698. Calculate u(-14).
164
Let d(f) = 219*f - 8635. Calculate d(33).
-1408
Let u(h) = 10*h**3 + 2302*h**2 + 465*h + 1156. Give u(-230).
6
Let u(g) = -5*g**2 + 280*g - 3652. Give u(35).
23
Let s(w) = -19374*w - 21795. Give s(-1).
-2421
Let g(q) = -359*q + 10770. What is g(30)?
0
Let h(r) = r**3 + 1059*r**2 + 7322*r - 44188. Give h(-1052).
-4
Let f(z) = 4*z**2 + 972*z - 77122. Determine f(-306).
-10
Let z(o) = -638*o + 267372. Give z(419).
50
Let k(y) = 2*y**3 - 22*y**2 - 460*y + 93. Determine k(-11).
-171
Let r(f) = f**2 - 3*f - 1820. What is r(44)?
-16
Let v(j) = -4*j**3 + 32*j**2 - 73*j + 481. Calculate v(7).
166
Let u(g) = 2*g**2 + 7011*g - 369969. Give u(52).
11
Let y(a) = 55*a**2 - 95*a + 340. What is y(6)?
1750
Let x(p) = p**3 + 27*p**2 + 9*p + 139. Give x(-27).
-104
Let b(l) = 90*l + 953. Calculate b(3).
1223
Let w(y) = -2*y**3 + 186*y**2 - 514*y - 2484. Give w(90).
-144
Let t(i) = -2*i**3 + 8*i**2 + 73*i - 70. Calculate t(8).
2
Let q(y) = -y**3 - 40*y**2 + 1720*y - 104. Determine q(26).
0
Let b(w) = 40*w**2 + 1217*w + 7717. Give b(-9).
4
Let b(z) = -8185740*z - 57300175. What is b(-7)?
5
Let t(c) = -221*c**3 + 950*c**2 + 7*c + 7. Calculate t(4).
1091
Let r(g) = -633*g - 5278. Determine r(-8).
-214
Let y(v) = v**2 + 140*v + 698. Determine y(-5).
23
Let v(o) = 55*o**3 - 4564*o**2 - 94*o + 859. Determine v(83).
-54
Let b(h) = -3351*h + 170911. Give b(51).
10
Let q(h) = 399*h - 59104. What is q(148)?
-52
Let w(z) = -5*z**2 - 142*z + 1177. What is w(10)?
-743
Let p(q) = -22*q**2 - 411*q + 16101. Determine p(-38).
-49
Let l(t) = -t**3 + 7*t**2 + 54*t + 196. Give l(-5).
226
Let a(g) = -14*g**3 + 964*g**2 + 117*g + 1375. Determine a(69).
-74
Let n(s) = 2*s**3 + 28*s**2 - 79932*s + 5783. What is n(193)?
-7
Let m(b) = 13*b**2 + 4119*b - 17327. Give m(-321).
7
Let y(m) = m**3 + m**2 - 177*m - 92. Calculate y(14).
370
Let b(p) = 3*p**3 + 384*p**2 - 784*p - 511. Give b(-130).
9
Let g(s) = 6*s**2 + 568*s + 225. Give g(-95).
415
Let i(h) = 5*h**2 + 537*h + 11717. Calculate i(-77).
13
Let z(j) = 4397*j**2 + 57297*j - 23. Calculate z(-13).
-1791
Let p(w) = -5*w**2 - 113*w - 1432. Give p(-24).
-1600
Let r(w) = 42*w**2 - 717*w + 1358. What is r(15)?
53
Let p(w) = -6655*w + 172823. Calculate p(26).
-207
Let a(i) = -324*i + 28613. Give a(88).
101
Let l(a) = 14*a**3 - 17829*a**2 - 26781*a + 7657. Calculate l(1275).
7
Let o(j) = -33627*j - 7902338. Calculate o(-235).
7
Let a(o) = 106*o**2 - 4144*o - 114. What is a(39)?
-504
Let d(l) = 34*l**3 + l**2 - 178*l - 158. Give d(0).
-158
Let v(p) = 2085*p + 43791. Give v(-21).
6
Let o(s) = -1568*s + 7888. What is o(5)?
48
Let f(d) = 6*d**2 + 127*d - 525. Give f(-20).
-665
Let u(o) = -65374*o + 326870. Determine u(5).
0
Let d(m) = -3*m**2 - 1029*m - 25609. What is d(-27)?
-13
Let b(c) = -5*c**3 - 18*c**2 - 990*c - 3925. What is b(-4)?
67
Let r(v) = v**2 + 74*v - 6163. Calculate r(51).
212
Let g(q) = -13*q**3 - 25*q**2 + 11*q + 12. What is g(1)?
-15
Let y(i) = 14*i**3 - 7*i**2 - 261*i + 504. Give y(2).
66
Let g(c) = c**3 + 18*c**2 - 463*c + 2026. Calculate g(7).
10
Let v(o) = 7575*o + 5925. Calculate v(-1).
-1650
Let p(q) = q**2 - 68*q - 398. What is p(-5)?
-33
Let l(h) = 3*h**2 - 1038*h - 133893. What is l(-100)?
-93
Let k(m) = -31*m**3 - 3*m**2 - 20*m + 110. Determine k(5).
-3940
Let q(x) = -x**3 - 13*x**2 + 12883*x + 302845. Determine q(-24).
-11
Let z(g) = 3*g**3 + 938*g**2 - 1267*g - 3447. Determine z(-314).
7
Let a(o) = 2*o**2 + 1900*o - 1728637. Determine a(569).
-15
Let s(n) = -16*n**2 + 1038*n + 37. Calculate s(64).
933
Let n(l) = -2*l**3 + 325*l**2 - 2929*l + 3373. Give n(153).
7
Let p(a) = -12*a**3 + 487*a**2 + 698*a + 686. Calculate p(42).
14
Let u(g) = -237045*g + 1422265. What is u(6)?
-5
Let i(r) = -33*r**3 - 9*r**2 - 480*r - 1934. Give i(-4).
1954
Let s(j) = -j**2 + 8986*j + 71838. Give s(-8).
-114
Let f(k) = -k**2 + 11*k + 2965. Calculate f(-54).
-545
Let g(q) = 97*q**2 - 1209*q + 346. Give g(12).
-194
Let s(t) = 4*t**3 + 526*t**2 + 3248*t - 291. Calculate s(-125).
-41
Let d(o) = -38*o**2 - 1788*o - 12. Determine d(-47).
82
Let k(a) = 2*a**2 + 23751*a - 28349142. Calculate k(1093).
-1
Let y(m) = 3*m**2 - 32*m + 292. What is y(-7)?
663
Let d(o) = -230*o**2 + 49203*o + 3634. Calculate d(214).
-4
Let w(n) = n**3 - 33*n**2 - 96*n + 1820. Give w(7).
-126
Let b(i) = 336590*i - 14473359. Give b(43).
11
Let o(a) = 4347*a - 8714. Determine o(2).
-20
Let l(r) = 9592*r + 681036. Give l(-71).
4
Let h(y) = -134*y**3 - 23316*y**2 - 112*y - 19488. Calculate h(-174).
0
Let z(k) = 5*k**3 + 10*k**2 - 193*k - 905. Calculate z(-5).
-315
Let i(p) = -406*p + 40784. Calculate i(97).
1402
Let y(z) = -22104*z - 44177. What is y(-2)?
31
Let j(q) = -q**2 + 16429*q - 262597. Give j(16).
11
Let p(j) = 493*j + 104601. Determine p(-212).
85
Let n(i) = i**2 - 2280*i + 135363. Calculate n(61).
4
Let r(d) = d**3 - 121*d**2 + 465*d + 421. Give r(117).
70
Let r(t) = -t**3 - 310*t**2 - 1126*t + 121687. Determine r(-305).
-8
Let a(v) = -2*v**2 + 8139*v - 1355632. Give a(174).
2
Let j(m) = 297*m + 31712. Determine j(-106).
230
Let b(s) = -1080*s**2 + 10879*s - 902. Give b(10).
-112
Let d(f) = -5*f**2 + 7*f + 17. Determine d(-18).
-1729
Let y(z) = -1180*z - 17523. Give y(-16).
1357
Let k(r) = 16*r**3 - 334*r**2 + 69*r - 2327. Determine k(21).
4
Let d(v) = -273173*v + 819521. Determine d(3).
2
Let j(u) = -u**3 - 199*u**2 - 7355*u + 115. Calculate j(-49).
360
Let m(p) = 26*p**3 - 14*p**2 + 2431*p - 2418. Calculate m(1).
25
Let r(i) = -687*i**2 - 2046*i + 28. Determine r(-3).
-17
Let w(f) = 1931549*f + 1931561. Calculate w(-1).
12
Let n(w) = 227*w**2 - 2413*w + 1429. Determine n(10).
-1
Let q(c) = -c**3 + 13*c**2 - 1168*c + 10111. Calculate q(9).
-77
Let t(b) = -b**2 - 656*b + 833312. What is t(642)?
-4
Let g(o) = -o**3 + 99*o**2 - 278*o - 1846. Calculate g(96).
-886
Let x(a) = 24*a**2 - 11525*a + 2829. Determine x(480).
429
Let r(h) = 159*h**3 - 1288*h**2 + 151*h - 178. Calculate r(8).
6
Let g(w) = 1746*w - 178138. What is g(102)?
-46
Let t(u) = -u**3 - 219*u**2 + 9762*u - 927. Give t(-257).
101
Let v(y) = -15*y**3 + 28*y**2 + 14*y - 17. Give v(2).
3
Let q(v) = v**3 + 18*v**2 + 226*v + 779. What is q(-5)?
-26
Let q(t) = -t**3 - 28*t**2 + 231*t - 218. Determine q(-34).
-1136
Let m(b) = 97279*b - 9533349. Calculate m(98).
-7
Let o(z) = 368*z + 2070. Determine o(-6).
-138
Let j(x) = -1056*x - 666307. What is j(-631)?
29
Let x(l) = -40*l - 458. Determine x(-36).
982
Let c(l) = 28259*l + 141324. Determine c(-5).
29
Let b(l) = -52*l**2 + 1974*l + 6499. Calculate b(41).
21
Let t(n) = 1991*n - 99382. Give t(50).
168
Let s(a) = 102*a - 1343. Calculate s(13).
-17
Let s(q) = -q**3 + 761*q**2 - 20539*q + 10989. Give s(733).
-6
Let f(c) = c**2 - 1768*c - 265077. Give f(-139).
-4
Let i(m) = 10*m**2 - 3710*m + 70198. Calculate i(20).
-2
Let b(n) = -2342*n + 133524. Give b(57).
30
Let d(a) = -3*a**2 - 27*a + 113. What is d(5)?
-97
Let j(h) = 17*h**2 - 284*h + 1348. Calculate j(11).
281
Let h(i) = 8*i**3 + 15561*i**2 + 1900*i - 87529. Determine h(-1945).
-4
Let x(p) = 5*p**2 + 313*p + 1860. What is x(-55)?
-230
Let c(u) = -u**3 + 36*u**2 - 194*u - 928. Determine